 Suppose t = 7*k - 2*k - 215. What are the prime factors of k?
43
Suppose 3*n - 32564 = -u, -3*u + 2*n + 118116 = 20435. List the prime factors of u.
32561
Let y(c) = 41*c**2 - 49*c + 530. What are the prime factors of y(22)?
2, 3, 67
Let l(d) = 84*d - 1942. What are the prime factors of l(24)?
2, 37
Let y(l) = 13868*l**2 - 19*l - 20. What are the prime factors of y(-1)?
7, 283
Suppose -3*m + 16*m - 71903 = 0. What are the prime factors of m?
5531
Let v(m) = 2*m**2 - 11*m - 17. Let u be v(10). Suppose -102 - u = 5*w. Let j = -26 - w. What are the prime factors of j?
3
Suppose 0 = 4*i - 2*i - 150. Let f = -20 + i. Suppose 0*r - 5*r = x - f, 3*r = x - 47. List the prime factors of x.
2, 5
Let j = -46 - -83. Let f = -47 - j. List the prime factors of f/(-15)*30/12.
2, 7
Suppose -5*o + 17 - 5 = d, -d + 4*o = -3. Suppose 0 = 2*m + 5*w + 3, -4*w + 3 = d. What are the prime factors of 15 + (m - 4/2)?
2, 7
What are the prime factors of 5 + -4 - (-267785)/28 - (-6)/(-8)?
2, 3, 797
Let g = 231 - 229. List the prime factors of 2*-443*(-5)/(7 - g).
2, 443
Let j(t) be the first derivative of 15*t**2 - 120*t + 91. What are the prime factors of j(9)?
2, 3, 5
Let i be (-54)/(-7)*2/(-6)*-28. Let l = -61 + i. Let p(t) = 14*t + 3. What are the prime factors of p(l)?
157
Let t be 2 + (0 - -5) + (4 - 8). List the prime factors of (t/2 + 1)*214/5.
107
Let g = 36912 - 26124. List the prime factors of g.
2, 3, 29, 31
Let q = -361 + 507. Let f be 4/16*4 - -87. Let d = q - f. List the prime factors of d.
2, 29
Suppose -3*b = -4*w - 7772 - 697, 0 = -b + w + 2822. What are the prime factors of b?
2819
Suppose -3*g = -2*y - 18, 0 = 2*g - 5*y - 0*y - 1. What are the prime factors of (336/(-36))/(g/(-1068))?
2, 7, 89
Suppose 41*u = 35*u - 24. What are the prime factors of 45745/70 - (-2)/u?
653
Suppose 5*k + 18697 = 3*m, -m + 53*k - 52*k = -6229. What are the prime factors of m?
2, 389
Suppose -3*m + 8844 = -5*h - 1342, -5*m + 17014 = h. Suppose 46*y - 40*y = m. What are the prime factors of y?
3, 7
Suppose -4*w = -2*w + 84. Let p = w + 40. List the prime factors of (-12 - -7)/(p/26).
5, 13
Suppose -31*s - 24380 = -36*s - 5*i, 4*s - 3*i = 19539. What are the prime factors of s?
3, 1627
Let k be -7 - 1215/(-171) - (-2)/(-19). Let c = 137 - 83. Suppose -c = -k*x - x. List the prime factors of x.
2, 3
Suppose -588618 = 95*d - 1854968. List the prime factors of d.
2, 5, 31, 43
Suppose -4*v - 5*k + 785 + 5475 = 0, 4672 = 3*v - 2*k. Suppose -4*c = s - 1556, s + 2*c + 3*c - v = 0. What are the prime factors of s?
2, 5, 7, 11
Let q be (-15)/(-5) + 2 - (-2)/(-2). Suppose q*n = 0, -5*g + 0*g + 180 = -4*n. Let w = g - -98. What are the prime factors of w?
2, 67
Let f be 5 - 2 - 5 - 1. Let l be (1 + 4 + f)/(2/5). Suppose 603 = l*j + p, -j + 4*j + p = 363. List the prime factors of j.
2, 3, 5
What are the prime factors of (-32578)/(-4) + (-116)/(-232)?
3, 5, 181
Suppose -47*y = 44*y + 9469 - 339708. List the prime factors of y.
19, 191
Suppose 254*w - 325 = 259*w. Let a = -76 - w. List the prime factors of a/(22/(-248)) + 3.
127
Let y(k) = 294*k**3 - 12*k**2 + 6*k - 1. List the prime factors of y(3).
7, 19, 59
Let j be 132/24 - (-1)/(-6)*3. Suppose -j*z + 1265 = 4*k, 2*z + 0 = -6. What are the prime factors of k?
2, 5
Let d = -61 - -59. Let t be -106*(-14 + 12 - d/(-4)). Suppose -t = -3*n - 79. List the prime factors of n.
2, 31
Let q = 36138 - 16136. What are the prime factors of q?
2, 73, 137
Let b(q) = -11 - 27 - 4*q + q**3 - 8*q**2 + 16 - 4. List the prime factors of b(10).
2, 67
List the prime factors of (-1179675)/(-360) + (-2)/(-16).
29, 113
Let r be (39/(-6))/(3/(-6)). Suppose 1783 = r*x + 301. Suppose -2*q - 3*l = x - 322, 0 = -5*l. List the prime factors of q.
2, 13
Let r = 88 + -146. Let x be r/(-15) - (-20)/150. What are the prime factors of (9840/78 - -4) + x/(-26)?
2, 5, 13
Let c = -837 + 3766. List the prime factors of c.
29, 101
Let j be (-7)/28 - (-1275)/12. Suppose j*t - 1313 = 105*t. What are the prime factors of t?
13, 101
Let h(b) = 73*b**2 + 33*b - 36. List the prime factors of h(-11).
2, 4217
Let z = 10 + 110. Let d be (-750)/(-20)*(-16)/(-10). Let t = z - d. List the prime factors of t.
2, 3, 5
Let y(q) = -3*q - 13. Let b be y(-6). Let j = 3 - b. List the prime factors of (j - 10/(-4))/((-2)/(-460)).
5, 23
Suppose -14503 + 4456 = -g + m, -2*m + 40170 = 4*g. What are the prime factors of g?
2, 3, 31
Let b = 132 - 66. Suppose -4*p - 222 = -6*p. Let y = p - b. List the prime factors of y.
3, 5
Suppose 0 = 2*x - 16, -152916 = -11*y - x + 173143. What are the prime factors of y?
29641
Suppose -2069*l + 56358 = -2060*l. List the prime factors of l.
2, 31, 101
Suppose 5*q - l - 1234 = 185, 3*l + 12 = 0. Suppose -2*f - 3 = -q. Let z = 274 - f. List the prime factors of z.
2, 67
Suppose 94883 = 45*y - 274207. List the prime factors of y.
2, 3, 1367
Let a(c) = 817*c - 773. List the prime factors of a(4).
5, 499
Suppose -170517 - 380943 = -101*x. What are the prime factors of x?
2, 3, 5, 7, 13
List the prime factors of (-32751)/(-4) - 16*(-45)/(-960).
3, 2729
Suppose -31*x - 281966 + 772355 = 0. What are the prime factors of x?
3, 5273
Let f be ((-954)/36)/((-4)/(-8)). Let d = f - -88. What are the prime factors of d?
5, 7
Let r(z) = 138*z - 5363. Let c be r(39). Let l(p) = p - 11. Let d(t) = -t. Let v(x) = -15*d(x) - 5*l(x). List the prime factors of v(c).
5, 7
Let i(z) = -25*z + 1723. What are the prime factors of i(28)?
3, 11, 31
Suppose 4*r - 49 = 39. What are the prime factors of (-1 - -2)/(r/2002)?
7, 13
Suppose -4*g + 6 = -10. Suppose 4*d = -2*y - 44, 3*y + 2*d + 34 = g*d. What are the prime factors of y/(-28) + 39/2?
2, 5
Let h = -16403 - -31989. List the prime factors of h.
2, 7793
Suppose 2*p = 3*h - 40903 - 8297, 5*h = 3*p + 82002. List the prime factors of h.
2, 3, 1367
Suppose -2910 = -2*u + 4*o + 65598, -4*o + 136932 = 4*u. What are the prime factors of u?
2, 5, 107
Let v be 211/5*(35 + -20). Suppose -x - 81 + v = -4*y, -2*y + 2782 = 5*x. What are the prime factors of x?
2, 139
Let g(z) = 20*z + 45 + 43 - 9*z + 128 - 4. List the prime factors of g(-12).
2, 5
Let w = -103 - -105. Suppose -2*k - 242 = -w*v, k + 5*v + 123 = 7*v. Let a = 211 + k. What are the prime factors of a?
2, 23
Let i be (-1)/((-9)/6)*(-72)/(-16). Let b(y) = -y**2 + 6*y + 3. Let p be b(i). Suppose 3*x + x + p = 0, 2*w = -4*x + 314. What are the prime factors of w?
163
Let c = -525 + 1110. Let m = -269 + c. What are the prime factors of m?
2, 79
Let k be ((-4)/22)/(29/(-638)). Suppose -5*g = -2*y - 0*g + 463, 971 = k*y - g. What are the prime factors of y?
2, 61
Let h(g) = -14*g**3 + 3*g**2 - g - 3. Let p be h(2). Let z be p/(-6)*16/(-20). Let f(j) = -j**3 - 16*j**2 - 33*j + 8. What are the prime factors of f(z)?
2, 3, 13
Suppose 3*p - 2*g = 5, p + 7*g - 10*g = -3. Let n be -2*((-23)/p)/(24/612). Let v = n - 250. List the prime factors of v.
3, 47
Let z(u) = 9858*u**2 + 234*u + 233. List the prime factors of z(-1).
9857
Let v(z) = 1065*z + 210. Let o(s) = 82*s + 16. Let h(u) = -40*o(u) + 3*v(u). List the prime factors of h(-2).
2, 5
Suppose 205*n + 22916 = 222*n. Let d = -725 + n. What are the prime factors of d?
7, 89
Let m(b) be the first derivative of -b**3/3 - 5*b**2 - 17*b + 1. Let y be m(-6). Let a(l) = 12*l + 3. What are the prime factors of a(y)?
3, 29
List the prime factors of 45239/7 - -7*(-85)/833.
2, 3, 359
List the prime factors of (-20)/(-3) - (-49494172)/1092.
11, 13, 317
Suppose -5*n + 1936 = z, 3*z - 10*n = -9*n + 5792. Let m = z + -1185. What are the prime factors of m?
2, 373
Let f be (26 + -23)/(1/(1 + 0)). Suppose -c + 5*g = -247, -f*c = 3*g - 6*g - 693. List the prime factors of c.
227
Let n(a) = 7*a**2 - 7*a - 15. Let r be n(-6). Suppose 0 = -3*p + r + 579. Let d = -194 + p. List the prime factors of d.
2, 23
Let i(s) = s**2 - 4. Let f be i(-5). Let k(w) = -2 - f*w + 3 + 0 + w. List the prime factors of k(-2).
41
Suppose 0 = 13*i - 33*i + 80. List the prime factors of 3/(-18) - i/((-48)/5018).
2, 11, 19
Suppose -2*h - 18874 = -5*k + 136667, -3*h + 155501 = 5*k. List the prime factors of k.
5, 6221
Let k(i) = -55*i**3 + 3*i**2 + 3*i - 1. Let s be k(-2). Suppose 18*r - 13*r = s. What are the prime factors of r?
89
Let t(p) = 11*p + 38. Let n be t(20). Let a = 24 + n.